he value of 7 + -5 + -6 - 1?
-5
Calculate 5 - (8 + -4 - (-2 - -2)).
1
-2 + -2 + -1 + 7 - 3
-1
(10 + -8 - (1 + 3)) + -2
-4
-11 + 8 + -1 + (1 - 1)
-4
-1 + -4 + 3 + (-4 - -3)
-3
What is 0 + -1 + (7 - 9)?
-3
Calculate 4 - 0 - (14 + -13).
3
-6 - (3 + (4 - (25 - 8)))
4
What is -1 + (-1 + (3 - 2) - 10)?
-11
What is (0 - (0 - 0)) + (77 - 73)?
4
Calculate (9 - 17 - -7) + 2 + -2.
-1
Calculate (-3 - (-7 - -3)) + (-3 - 1).
-3
What is the value of -11 + 7 - (-9 + 6)?
-1
(11 - -3) + -42 + 36
8
Evaluate (-5 - -4 - 8) + 3.
-6
What is the value of -6 + 8 - (-8 + 3)?
7
What is the value of (17 - 11) + (0 - 10)?
-4
Calculate 3 - (3 + -2) - -2.
4
Evaluate 3 - (-5 + 2 + 7).
-1
-1 - (-1 - (3 - 2 - 4))
-3
Calculate -7 - -1 - (-59 + 52).
1
What is the value of 7 - (-7 - (-10 - 3))?
1
What is (6 - 10) + 3 + (-2 - -8)?
5
What is the value of 12 + -9 - (-1 + 3) - -5?
6
What is the value of -4 + (1 - (-8 - -3))?
2
Evaluate -8 - (4 + 5 + -10).
-7
What is 1 + 3 + -13 - -4?
-5
Calculate 3 - 12 - 2 - -11.
0
1 + -7 + 2 + 0
-4
What is 3 - (-4 - -6 - -1 - 5)?
5
Calculate -25 + (2 - -14) + (0 - 0).
-9
2 + (-7 - -4) + 2 + 2
3
Evaluate 0 - (-4 + (7 - -1)).
-4
Evaluate (9 - 3) + (-2 - 4).
0
5 + (-4 - (-4 + 4 - 4))
5
What is the value of 13 + -17 + 11 + -5?
2
What is -4 - ((0 - -2) + -11) - 3?
2
What is (-16 - -19) + (1 - 7)?
-3
Calculate (2 + -2 - (2 + -4)) + -5.
-3
-1 - (2 + (-2 - 6))
5
(-1 - (-1 + 1)) + -4
-5
Evaluate -14 - -19 - (-2 + 9).
-2
What is -3 + 1 - (3 + -9)?
4
What is the value of 4 + (1 + -9 - -11)?
7
Calculate (4 - 8) + 3 + 5.
4
What is -9 - (-4 + (-5 - -5))?
-5
Evaluate 1 - (-8 + 5 - (-2 + 2)).
4
What is (3 - 1) + -3 + 5?
4
Calculate (-12 - -18) + 0 + (-6 - -3).
3
Calculate (-7 - ((3 - 1) + -4)) + 0.
-5
What is the value of 0 + -2 + (2 - 0)?
0
Evaluate (-1 - 0 - (9 + -11)) + -4.
-3
What is 7 + 2 - (3 + 2)?
4
What is the value of 0 + 5 + 2 + -1 + -1?
5
What is 1 - (-10 + 1 - -8)?
2
Evaluate 3 + 1 + (4 - (7 - 3)).
4
Calculate 0 + -4 - (-3 + -4).
3
What is 7 + (2 - -5 - 6 - 4)?
4
What is 0 - -1 - (-1 + 2)?
0
(0 - 14) + 14 + 2
2
(3 + -5 + 2 - 3) + 11
8
What is 3 + -19 + 9 + 3?
-4
What is the value of 0 + 19 - (-48 + 59)?
8
What is (-7 + 6 - -1) + -1 + -3?
-4
What is -1 - (21 + -9 - 17)?
4
What is -11 + -9 + 18 - -6?
4
-6 - (-4 + -2) - (1 + -1)
0
What is the value of 2 + (-8 - -3) - -4?
1
(1 - 1 - 2) + 7 + -6
-1
Evaluate -10 + 1 + 5 + 2.
-2
(5 - 1) + 1 - (5 - 1)
1
What is 2 + (0 - (2 - 4))?
4
3 + (-2 - (-2 - (4 - 3)))
4
Calculate -2 - -7 - (11 - (4 + 3)).
1
-4 - (5 - (11 - -2)) - 4
0
What is (29 - 22) + 2 + -2?
7
What is the value of (-1 + 2 + 1 - -5) + -14?
-7
What is the value of 19 + -10 - (20 + -2)?
-9
Calculate (7 - 8) + 6 + -9.
-4
-1 + 3 - (3 + -8)
7
Calculate (-3 - -6) + -2 + 0 - -6.
7
What is 2 + (11 - ((3 - -4) + 0))?
6
Calculate (-1 - -10) + (4 - 7) - 1.
5
What is 6 + (-6 - -9) + -6?
3
Calculate -4 + 8 + -16 + 15.
3
(-3 - -7) + -3 + 0
1
What is the value of -2 + 0 - (4 + -2 + -3)?
-1
Calculate 9 - 11 - (-1 + -2) - -2.
3
1 + 1 - (10 + -6)
-2
What is 2 + (-3 + 16 - (25 - 19))?
9
-15 + 6 - -6 - -9
6
What is 35 + -34 + 1 + 3?
5
What is -3 - (-3 + 4 + 1)?
-5
4 + -6 - (-38 + 39)
-3
What is the value of (-13 - -19) + (-4 - -3)?
5
What is the value of 4 - (-6 + 3 + 3)?
4
What is the value of 5 - (-3 + 1 + 4 + 5)?
-2
Evaluate (-18 - -23) + 2 + -13.
-6
What is -49 + 48 + (2 - 4)?
-3
Calculate -4 - (4 + (-1 - -3) + -10).
0
What is 0 - (2 + 7 + -4)?
-5
Evaluate -3 + (15 + -12 - 10).
-10
Evaluate -5 + (-1 - -2) - (-8 + -1).
5
Calculate -3 - (-1 + -4 + (2 - 1)).
1
Evaluate (3 - 2) + 3 - (1 - -1).
2
What is 4 + -7 + -3 + 10?
4
(-3 - (-2 - (-5 + 3))) + 6
3
Evaluate (-1 - (-4 - -6)) + 6.
3
What is the value of -7 + (10 - (-3 + -1 + 10))?
-3
Evaluate -2 + 0 + 11 + -5.
4
3 - (11 + -14 + 10)
-4
Evaluate 2 + -19 - (-27 + 13).
-3
7 + (-18 - -8) - 3
-6
What is the value of 3 - 3 - (6 + -3)?
-3
-1 + 2 - (14 - (-3 - -15))
-1
What is the value of -5 + (-3 - (-2 - 5))?
-1
7 + -1 + (-16 - -12) - -3
5
What is 3 + 1 - 3 - 2?
-1
-5 + (2 + 1 - (3 - 3))
-2
Evaluate (-1 - 0) + (13 - 6) + -3.
3
Evaluate -4 + 1 - (-5 + 3 - -3).
-4
Calculate -13 + 1 - (82 + -97).
3
What is 43 + -37 + -3 + -1?
2
5 + -9 + 1 + 3 + -1
-1
Evaluate -1 + -7 + -15 + 28.
5
-3 - (0 - 0) - (0 + -9)
6
-16 + 3 + 13 + -1 + 0
-1
Calculate (10 + -10 - 1) + -6.
-7
What is (-2 + 0 - 5) + 11?
4
Calculate 19 + -12 - (9 - 2).
0
What is -5 + 6 + 5 - 3?
3
Evaluate -4 + (-2 - -2) - (-2 - -3).
-5
Evaluate -3 + -11 + 5 + 6.
-3
Evaluate (0 - (4 - -1)) + 2.
-3
Calculate (6 + -4 - (-2 - -2)) + 2.
4
-2 + 4 + (35 - 32)
5
Evaluate (-5 + 1 - 6) + 13.
3
What is 6 + -5 + (3 - 1)?
3
Evaluate 1 + -2 - (-1 + -1).
1
Calculate 3 + 0 - (15 + (4 - 13)).
-3
What is the value of -9 + -1 + 1 - (2 - 4)?
-7
11 + -8 + -19 + 10
-6
4 - (-1 + 2 + -2)
5
What is (4 - (0 - -4)) + 3 + -1?
2
Calculate -4 + 2 + -2 + 7 + -6.
-3
What is (2 - 6) + (2 - 2)?
-4
-27 + 35 - (-1 + 6 - 1)
4
2 - 6 - (-2 - -5)
-7
2 + -7 - (5 - 5)
-5
What is the value of (0 - -7) + -13 + 9 + 0?
3
What is (-3 - (5 - (2 - -2))) + 9?
5
4 - (18 - (8 - (8 - 6)))
-8
-2 + -2 + (-5 - 2) + 7
-4
Evaluate 2 + 3 + (2 - (11 + -1)).
-3
What is -1 + -3 + 0 + 4?
0
What is -7 + (6 - (4 + 1)) + 2?
-4
0 + (-4 - -3) + -3 + 1
-3
What is the value of -3 - ((2 - 0) + -9 + 6)?
-2
Evaluate 5 + (-3 - (5 + -6)) + -4.
-1
What is the value of 0 - (4 + -1 - (-23 - -23))?
-3
Evaluate (17 - (-6 + 7)) + -7.
9
(18 - 14) + 0 + -2
2
(3 - 9) + (-5 - (3 - 7))
-7
What is (0 - 0) + -2 + 12 + -5?
5
Evaluate (4 - 5) + 8 - (-1 + 15).
-7
What is the value of 1 + 0 - ((6 - -3) + -9)?
1
Evaluate 15 - (-4 - 0) - 11.
8
Calculate (2 - 2 - (9 + 2)) + 7.
-4
What is 0 + (9 - 1) + -3?
5
Evaluate 1 + 3 + -18 + 17.
3
What is -3 + (1 - -5 - 4)?
-1
-16 + 23 + (-4 - 0)
3
What is the value of -5 - (-1 + -1) - (6 - 5)?
-4
-5 - (2 - -2 - 11)
2
What is the value of 28 - 29 - (5 - 1)?
-5
1 + -5 + -10 + 16
2
Evaluate -3 + (1 - (0 - -1)).
-3
What is the value of -2 - (1 + 1 + -4 + 2)?
-2
Evaluate 10 + -6 - (2 + (2 - 1)).
1
What is -2 + (-2 - (-3 - (2 + -2)))?
-1
-4 + 4 + -1 + 0
-1
What is the value of -2 + 2 + 6 + -6?
0
What is -4 + 3 + 2 + 2?
3
-1 + 2 - (-2 - -4 - 1)
0
Calculate 4 + (4 + 2 - 5).
5
Calculate 4 + 7 + (5 - 7) + -4.
5
What is 1 + -4 + 9 + -3?
3
Calculate 10 + 6 + -13 - (-1 + -2).
6
What is the value of -2 + (0 - -2) + (-20 - -13)?
-7
What is 6 - -5 - 8 - -3?
6
What is 17 + -4 + -4 + (-6 - -7)?
10
Calculate 2 + 6 + -6 + -3.
-1
7 + (0 - -8 - 9)
6
What is -5 + (7 - 3) + (1 - 2)?
-2
(-1 - -7) + (-4 - -2)
4
Evaluate 2 - (4 + -3) - 6.
-5
What is 15 + -1 - (262 - 250)?
2
Calculate 6 + -6 + 3 - -1.
4
What is the value of 1 + -5 - (-27 - -30) - -10?
3
Calculate (22 - -2 - 13) + -21.
-10
What is 5 + -4 + 1 + 3?
5
What is the value of -15 + 19 - (5 - -1)?
-2
Evaluate -4 + (0 - ((-4 - 1) + 3)).
-2
What is (6 - -1) + -9 + 5 + -13?
-10
What is the value of (1 - 11) + (13 - 8) + 1?
-4
Evaluate (9 + -9 - -2) + 1.
3
Evaluate (-13 + 5 - -6) + 5 + 0.
3
-3 - ((-7 - 1) + -1)
6
Evaluate -4 - (4 + (-18 - -7)).
3
Evaluate (-137 - -142) + -1 + -1 + 2.
5
7 + -1 - (21 - 16)
1
What is 3 - (7 - 8) - (-1 - -3)?
2
What is the value of (2 - 4) + 6 + 0 + 1?
5
What is the value of -2 + -1 + -1 - (0 + -3)?
-1
What is -5 + (-6 - (-2 - 10))?
1
What is the value of 4 + 0 + (3 - 6) + -3?
-2
1 - (-1 - -1) - (26 + -21)
-4
Calculate -23 + 15 - (2 - 12).
2
What is the value of 4 - (1 - (3 - (4 - 3)))?
5
Evaluate -1 + 4 - (-1 + 4).
0
7 - (-2 + 2 - -13)
-6
Evaluate 3 + (1 - (-2 - (-2 + 2))).
6
Evaluate 5 + 3 + -8 + 4.
4
What is 0 - -2 - (0 + 1)?
1
Calculate 3 + -2 + -1 + 1.
1
(1 - (-1 - 6)) + (-2 - 3)
3
-8 - 0 - (-14 - -11) - -3
-2
-2 + 1 + (1 + -1 - 0)
-1
What is (-6 - -1 - -3) + 6 + 0?
4
Calculate 2 - (-2 + 1 + (10 - 2)).
-5
What is 3 + -3 + 1 + 2 - 7?
-4
What is the value of -14 - -11 - (-1 + -1)?
-1
What is the value of 21 - 20 - (-1 + 0 - -2)?
0
What is the value of (4 - (2 + (-3 - 2))) + -7?
0
Calculate -1 - ((2 + -3 - 0) + -4).
4
What is the value of -4 - (-5 + (4 - 3) - -4)?
-4
What is (8 + 0 - 6) + (1 - 2)?
1
What is 3 + 0 + (6 - (5 - 1))?
5
What is -2 + -1 + 5 + 2 + -1?
3
What is 2 - 1 - (1 - -5 - 9)?
4
What is the value of (-1 - 6) + -1 - (1 - 3)?
-6
Evaluate 1 - 1 - (1 - -2 - 7).
4
Evaluate (-5 - (0 - 4)) + -2.
-3
Calculate ((-4 - -4) + -3 - 1) + -1.
-5
What is (-8 - -15 - (5